 (-25414)/1358 - (2 + 24/(-14)). What is t(y)?
4
Let b(x) = x**3 - 4*x**2 - 7*x + 11. Let v = -75 - -52. Let a be 3/(-2)*v/((-828)/(-120)). What is b(a)?
1
Let u(h) = 923*h + 933*h - 1853*h - 4 - 1. What is u(1)?
-2
Let d(u) be the first derivative of -u**3/3 + 13*u**2 - 184*u + 119. Let n(w) be the first derivative of d(w). Calculate n(20).
-14
Let c(f) = -2*f**2 - 24*f + 78. Let p(u) = -3*u**2 - 36*u + 116. Let j(s) = 7*c(s) - 5*p(s). Give j(-14).
-6
Let m(t) = 5*t - 127. Suppose 24*f - 11*f = -24*f + 1036. Give m(f).
13
Let b = -5 + 7. Suppose -b*u = u - 12. Let o(k) = -2*k - 7 + 4*k - u*k. Determine o(-5).
3
Let u(i) = -32*i + 265. Let a be u(8). Let l(o) = 2*o - o - 1 + o - 3*o. Give l(a).
-10
Let f(q) be the third derivative of -q**5/60 + q**4/12 + 25*q**3/6 + 192*q**2 - 3. What is f(5)?
10
Let h(m) be the third derivative of -m**5/60 + 7*m**4/24 - m**3 - 2*m**2. Let k be 5 - (4 + -3)*(-17 - -8). Let l be 35/k*(2 + 0). Give h(l).
4
Let a(o) = -o**3 - 8*o**2 + o + 4. Suppose 2 = t - 2. Let x(b) = -9*b + b**3 - 11*b**2 + 3 + b + t*b + 3*b. Let n be x(11). What is a(n)?
-4
Let w(j) = 15 + 16*j**2 + 17 + 6 - j - 39. Let l(v) = v**3 + 4*v**2 + 2*v + 1. Let i be l(-3). Suppose -i*f + 3*f + 3*g = -8, 0 = 4*f - 2*g - 2. Determine w(f).
16
Let o = 95 - 73. Let y(n) = -20*n - 1 + o*n - 2. Let x(v) = -v. Let p(i) = x(i) + y(i). Determine p(3).
0
Let t = -6828 + 40969/6. Let j(d) be the third derivative of 0 + 1/8*d**4 - 1/120*d**6 + 1/20*d**5 + 0*d + 24*d**2 + t*d**3. Determine j(4).
-3
Let v(s) be the first derivative of -s**4/12 + s**3/6 - 2*s - 1. Let r(c) be the first derivative of v(c). Suppose -2*w - 2 = u - 0, 4*w - 2 = u. Give r(u).
-6
Let p(y) = -y**3 - 7*y**2 + 3. Suppose -15*m - 13 = -58. Suppose -3*h = m*r + 33, 2*h = -4*r - 55 + 19. What is p(r)?
3
Let c(h) = 6*h - 4. Let v(b) = -7*b + 5. Let g = 239 + -233. Let f(x) = g*c(x) + 5*v(x). Calculate f(7).
8
Let n(h) = -h**3 + 9*h**2 - 3*h + 7. Let m be 2*((-54)/4)/(-3). Give n(m).
-20
Let x = 36106 + -36116. Let j(g) = g**3 + 10*g**2 - 2*g - 26. What is j(x)?
-6
Let j be (-24)/18*9/(-6). Let k = 32 - 27. Let u(t) = 7 - 15 + 9*t + k. What is u(j)?
15
Let w(g) = g**3 - 30*g**2 + 29*g - 22. Suppose 1093 = 12*t + 16*t + 281. What is w(t)?
-22
Let t(u) = -178*u + 299*u - 215 - 157*u. Let g be t(-6). Let o(k) = 7*k**3 - k + 1. Give o(g).
7
Let u(l) = l**3 - 6*l**2 - 14*l + 30. Let w be u(7). Let v(j) = 3*j**3 + 58*j**2 + 18*j - 43. What is v(w)?
-24
Let f(h) = 167*h - 91*h - 6*h**3 - 70*h + 4*h**3 - 14 + 2*h**2. What is f(3)?
-32
Let g(n) = 149*n - 78. Let j(k) = -126*k + 79. Let q(d) = 6*g(d) + 7*j(d). Determine q(-7).
1
Let b(g) = g**2 - g - 173. Let q be ((-14)/(-49))/(42/2058). Calculate b(q).
9
Let d(m) = 2*m**3 - 17*m**2 - 7*m - 11. Let l be (-26 - -14)/24*-18. What is d(l)?
7
Let j(s) = -s**3 + 13*s**2 + 14*s - 3. Let u be j(14). Let v(b) = -b**2 - 2*b + 5. Let p(m) = -m**2 - 3*m + 9. Let d(k) = u*p(k) + 5*v(k). Give d(-2).
-8
Let v(u) = -3*u + 1. Suppose -a - 86 = 2*w, 0*w + 5*w + 176 = -2*a. Let n = a + 81. Give v(n).
-8
Let y(d) = -1348*d + 1437*d + 85 - 38 - 41. Calculate y(0).
6
Let j(d) = -d**2 - 9*d - 6. Suppose 3*k - q - 9 = -2*q, -q = 3. Suppose -k*r + 149 + 43 = 0. Let a be (0 + -1)*r/8. Determine j(a).
12
Let z be (11 - 4) + 0 + -1. Let d(w) = -z*w + w + 2*w + 0*w + 3. Determine d(2).
-3
Let z(l) = 81*l - 44*l - 11*l**2 + 0*l**2 - 48*l. Let s(g) = -22*g**2 - 24*g. Let d(j) = 6*s(j) - 13*z(j). Give d(-1).
12
Let k(w) = -5 + 0*w**2 - 8 - w**2. Suppose -4*a - 3*m - 17 + 20 = 0, -2*a + 4*m - 4 = 0. Determine k(a).
-13
Let j(l) = l + 4. Let m be j(-3). Let y(f) = -109*f**2 - 3*f - 5. Let x(o) = -41*o**2 - o - 2. Let d(r) = -8*x(r) + 3*y(r). Calculate d(m).
1
Suppose -77*u - 24 = 592. Let v(l) = l**3 + 9*l**2 + 3*l - 26. Give v(u).
14
Suppose 0 = 255*p - 55*p - 600. Let r(o) be the first derivative of 8 - 1/3*o**p - o + 5/2*o**2. Calculate r(4).
3
Suppose -8*z = -z - 70. Let y = -13 + z. Let h be (0 - y)*(-1)/9*-3. Let l(o) = -23*o**2 + 1. Give l(h).
-22
Let r(m) = -m**3 + 15*m**2 + 54*m - 5. Let x be r(18). Let a(i) = -7*i + 21. Let l(g) = -6*g + 20. Let w(z) = x*a(z) + 6*l(z). Let j = 5 + -5. Give w(j).
15
Let p(g) = g**3 - g**2 - 2*g + 6. Suppose n = 115*z - 117*z + 6, -4*z = 3*n - 18. Give p(z).
6
Suppose -5*d + 14 = -2*r, -66 = 4*r + 4*d - 94. Let l(y) = 2*y - 5. What is l(r)?
1
Let k(q) = 6*q. Let v(y) = -14*y + 6. Let x(n) = -5*k(n) - 2*v(n). Calculate x(-2).
-8
Let n(q) = q**3 - 9*q**2 - 9*q - 13. Let s = -3616 - -3626. Give n(s).
-3
Let s(g) be the first derivative of g**4/4 + g**3/3 - g**2/2 - 23*g - 3. Let c = -25 + 121. Let d = c - 96. Give s(d).
-23
Suppose -5*r + 7 = y, 4 = -y + 3*r + 3. Let i(p) = -7*p**3 + p**3 + 5*p**3 - 1 + y*p**2 + 2*p**3. Let f be (6/(-2))/((-6)/(-4)). Calculate i(f).
-1
Let v = 13954 + -13951. Let g(d) be the third derivative of -2/3*d**v + 0 + 1/24*d**4 + 0*d + 30*d**2. Give g(5).
1
Let t = -1015 - -1022. Let i(q) = -q**3 - 4*q - 10 + 0*q**3 + 15*q + 6*q**2. Determine i(t).
18
Let a(p) be the third derivative of p**4/12 - 4*p**3 + 1151*p**2. Give a(-6).
-36
Suppose -5*a + 0*a + 168 = -3*o, -4*o = 4. Suppose 0 = -g + 3 - a. Let r = -28 - g. Let t(b) = 4*b + 1. Determine t(r).
9
Suppose 3*m = 3*i - 15, i = -4*m + 52 - 57. Let s(d) = -d**3 - 4*d - 10. What is s(m)?
6
Let g(t) = -4*t + 5*t**2 + 14 - 2*t**3 + 7*t**2 - 12 + 6. What is g(6)?
-16
Let t(p) = -p**2 + 9*p - 13. Let l(h) = -h**3 + 6*h**2 - 3*h - 5. Let y(v) = 35*v - 170. Let w be y(5). Let m be l(w). Determine t(m).
7
Let n be 10*(12/10)/3. Let u(r) = -2*r + 4*r - r + n - 2*r. What is u(5)?
-1
Let t(k) = -11*k**2 - 9*k - 8. Let l be (15/60)/((-1)/(-16)*-4). What is t(l)?
-10
Let g be (-3)/(-48)*8 + 9/2. Let x(k) = 1457*k + 2 - 4 - 2 - 1456*k. Determine x(g).
1
Let x(n) be the second derivative of n**4/6 - 5*n**3/6 + 3*n**2 + 542*n - 1. Calculate x(5).
31
Let v(g) be the second derivative of 3/4*g**4 - 2*g + 1/20*g**5 + 53 - 5/2*g**3 - 15/2*g**2. What is v(-10)?
35
Suppose 0 = 14*g + 7 + 105. Let m be (-1)/(((1 + -6)/(-10))/g). Let y(d) = -d**2 + 14*d + 19. What is y(m)?
-13
Let o(x) be the second derivative of 9*x**3/2 + 5*x**2 + 3987*x. Determine o(-2).
-44
Let h(a) = 615*a + 17787. Let w(b) = -7*b - 201. Let l(g) = 2*h(g) + 177*w(g). Let o = 2 + -4. Calculate l(o).
15
Let g(x) = -7*x - 72. Let n(t) = t + 10. Let h(q) = -g(q) - 6*n(q). Calculate h(5).
17
Let l(t) be the second derivative of -t**6/120 + t**5/120 + 85*t**4/12 - 83*t. Let y(z) be the third derivative of l(z). Calculate y(1).
-5
Let l(n) = -34607 + 17230 + 17136 + 0*n + 13*n. What is l(19)?
6
Let y(l) = -27*l**3 + 25*l**2 - 14*l + 22. Let r(j) = 35*j**3 - 33*j**2 + 18*j - 29. Let i(p) = -10*r(p) - 13*y(p). Let s be 3/4 + 75/(-20). Determine i(s).
16
Let i(a) = a**2 + 42 + 48 - a**3 - 8*a + 3*a**2 - 141 + 44. Calculate i(3).
-22
Let q = 14829 - 14815. Let h(o) = o**3 - 15*o**2 + 17*o + 39. Give h(q).
81
Let c be 1 + (-27 - 5)*-3. Let r = c + -95. Let j(z) = -5*z**2 + 4 - 3 + 0*z**2 - 3*z**3 - 2*z + r*z**3. Give j(-4).
-7
Let g(v) = 8*v**2 + v. Let f be g(-1). Let x(w) = w**2 + 5*w + 1463539 - 731770 - 2*w**2 - 731771. Calculate x(f).
-16
Let g(w) = w**2 + 2*w + 2. Let t(y) = 496*y**2 + 11*y + 9 - 493*y**2 + 4*y. Let m(x) = -4*g(x) + t(x). Determine m(3).
13
Let k(t) = -57 - 8*t + 49*t**2 - t - 48*t**2 + 46. What is k(8)?
-19
Suppose -4*q + 4 = -2*q. Let a(v) = -84 - v - 78 + 163 + 303*v**3 - 304*v**3. Give a(q).
-9
Let g(z) = -17*z**2 - 2*z + 1. Suppose 0 = 33*m + 45*m - 78. Give g(m).
-18
Let z(i) = 4*i**2 - 31*i - 10. Suppose 51*y - 54*y = -t - 28, -t + 28 = 4*y. Calculate z(y).
-2
Let l(a) = -a**3 + 4*a. Let f(w) = w**2 + 9*w - 72. Let d be f(10). Let c = 122 - d. Calculate l(c).
-48
Let w(t) be the third derivative of t**6/120 + t**5/10 + 13*t**4/24 + 8*t**3 - 6257*t**2. What is w(-5)?
8
Let s(v) be the third derivative of -17*v**4/24 - 23*v**3/3 - 7786*v**2. What is s(-7)?
73
Let t = -14168 + 14159. Let w(f) = 3*f + 16. Calculate w(t).
-11
Let l(s) be the third derivative of -1/15*s**5 - 1/120*s**6 + 18 + 1/8*s**4 - 2/3*s**3 - 2*s**2 + 0*s. Give l(-5).
6
Let z(r) = -3*r**3 - 3*r**2. Let o be ((-7)/(-4))/((-3)/(-12)). Suppose 0 = -2*a - 8, 3*p + 3*a = o*p - 4. Give z(p).
12
Let s(k) = 20*k**2 + 137*k - 28. Let y(b) = -